{"id":69,"date":"2025-03-14T11:17:06","date_gmt":"2025-03-14T10:17:06","guid":{"rendered":"https:\/\/www.lara-dieteticienne-25.fr\/?page_id=69"},"modified":"2025-03-14T11:17:07","modified_gmt":"2025-03-14T10:17:07","slug":"mentions-legales-et-rgpd","status":"publish","type":"page","link":"https:\/\/www.lara-dieteticienne-25.fr\/index.php\/mentions-legales-et-rgpd\/","title":{"rendered":"Mentions l\u00e9gales et RGPD"},"content":{"rendered":"\n<h1 class=\"wp-block-heading\">L\u00e9gislation &amp; RGPD<\/h1>\n\n\n\n<h2 class=\"wp-block-heading\">1. Informations relatives \u00e0 l&rsquo;h\u00e9bergeur<\/h2>\n\n\n\n<p>OVH<br>SAS<br>Adresse du si\u00e8ge social : 2 rue Kellermann &#8211; 59100 Roubaix &#8211; France<br>Num\u00e9ro de t\u00e9l\u00e9phone : 09 72 10 10 07<\/p>\n\n\n\n<h2 class=\"wp-block-heading\">2. Informations relatives \u00e0 l&rsquo;\u00e9diteur<\/h2>\n\n\n\n<p><strong>Nom &#8211; Pr\u00e9nom<\/strong>&nbsp;: DELONGEVILLE LARA<br><strong>Forme juridique<\/strong>&nbsp;: Affaire personnelle profession lib\u00e9rale<br><strong>Enseigne<\/strong>&nbsp;: DELONGEVILLE LARA<br><strong>Adresse<\/strong>&nbsp;: 7A rue du polygone, 25000 BESANCON, France<br><strong>T\u00e9l\u00e9phone<\/strong>&nbsp;: 0680205518<br><strong>E-mail<\/strong>&nbsp;: contact@lara-dieteticienne-25.fr<br><strong>Directeur de publication<\/strong>&nbsp;: Lara DELONGEVILLE<br><strong>Siren<\/strong>&nbsp;: 843702101<br><strong>Siret<\/strong>&nbsp;: 84370210100026<\/p>\n\n\n\n<h2 class=\"wp-block-heading\">3. Conditions d&rsquo;utilisation<\/h2>\n\n\n\n<p>Le site est accessible par l&rsquo;url\u00a0<a href=\"https:\/\/www.lara-dieteticienne-25.fr\">https:\/\/www.lara-dieteticienne-25.fr<\/a>.<br>Son utilisation est r\u00e9gie par les pr\u00e9sentes conditions g\u00e9n\u00e9rales. En utilisant le site, vous reconnaissez avoir pris connaissance de ces conditions et les avoir accept\u00e9es. Celles-ci pourront \u00eatre modifi\u00e9es \u00e0 tout moment et sans pr\u00e9avis par la soci\u00e9t\u00e9 DELONGEVILLE LARA.<br>L&rsquo;entreprise DELONGEVILLE LARA ne saurait \u00eatre tenue pour responsable en aucune mani\u00e8re d&rsquo;une mauvaise utilisation du service.<\/p>\n\n\n\n<h2 class=\"wp-block-heading\">4. Limitation de la responsabilit\u00e9<\/h2>\n\n\n\n<p>Les informations contenues sur ce site sont aussi pr\u00e9cises que possible et le site est p\u00e9riodiquement remis \u00e0 jour, mais peut toutefois contenir des inexactitudes, des omissions ou des lacunes. Si vous constatez une erreur ou ce qui peut \u00eatre un dysfonctionnement, merci de bien vouloir le signaler par email en d\u00e9crivant le probl\u00e8me de la mani\u00e8re la plus pr\u00e9cise possible.<br>Tout contenu t\u00e9l\u00e9charg\u00e9 se fait aux risques et p\u00e9rils de l&rsquo;utilisateur et sous sa seule responsabilit\u00e9. En cons\u00e9quence, l&rsquo;entreprise DELONGEVILLE LARA ne saurait \u00eatre tenue responsable d&rsquo;un quelconque dommage subi par l&rsquo;ordinateur de l&rsquo;utilisateur ou d&rsquo;une quelconque perte de donn\u00e9es cons\u00e9cutives au t\u00e9l\u00e9chargement. Les photos sont non contractuelles.<br>Les liens hypertextes mis en place sur ce site internet en direction d&rsquo;autres sites internet ne sauraient engager la responsabilit\u00e9 de DELONGEVILLE LARA.<\/p>\n\n\n\n<h2 class=\"wp-block-heading\">5. Litiges<\/h2>\n\n\n\n<p>Les pr\u00e9sentes conditions sont r\u00e9gies par les lois fran\u00e7aises et toute contestation ou litige qui pourrait na\u00eetre de l&rsquo;interpr\u00e9tation ou de l&rsquo;ex\u00e9cution de celles-ci seront de la comp\u00e9tence exclusive des tribunaux dont d\u00e9pend le si\u00e8ge social de la soci\u00e9t\u00e9 DELONGEVILLE LARA. La langue de r\u00e9f\u00e9rence, pour le r\u00e8glement de contentieux \u00e9ventuels, est le fran\u00e7ais.<\/p>\n\n\n\n<h2 class=\"wp-block-heading\">6. Droit d&rsquo;acc\u00e8s, de rectification et de suppression de vos donn\u00e9es<\/h2>\n\n\n\n<p>En application de la loi informatique et libert\u00e9s, les internautes disposent d&rsquo;un droit d&rsquo;acc\u00e8s, de rectification, de modification et de suppression concernant les donn\u00e9es qui les concernent personnellement.<br>Le droit d&rsquo;acc\u00e8s : ils peuvent exercer leur droit d&rsquo;acc\u00e8s, pour conna\u00eetre les donn\u00e9es personnelles les concernant, en \u00e9crivant \u00e0 l&rsquo;adresse \u00e9lectronique suivante. Dans ce cas, avant la mise en \u0153uvre de ce droit, la Plateforme peut demander une preuve de l&rsquo;identit\u00e9 de l&rsquo;utilisateur afin d&rsquo;en v\u00e9rifier l&rsquo;exactitude.<br>Le droit de rectification : si les donn\u00e9es \u00e0 caract\u00e8re personnel d\u00e9tenues par la Plateforme sont inexactes, ils peuvent demander la mise \u00e0 jour des informations.<br>Le droit de suppression des donn\u00e9es : les utilisateurs peuvent demander la suppression de leurs donn\u00e9es \u00e0 caract\u00e8re personnel, conform\u00e9ment aux lois applicables en mati\u00e8re de protection des donn\u00e9es.<br>Ce droit peut \u00eatre exerc\u00e9 par voie postale aupr\u00e8s de DELONGEVILLE LARA, 7A rue du polygone, 25000 BESANCON, France ou par voie \u00e9lectronique \u00e0 l&rsquo;adresse email suivante : contact@lara-dieteticienne-25.fr.<br>Les informations personnelles collect\u00e9es sont confidentielles et ne sont en aucun cas transmises \u00e0 des tiers hormis pour l&rsquo;\u00e9ventuelle bonne ex\u00e9cution de la prestation command\u00e9e par l&rsquo;internaute. En vertu de la loi n\u00b0 2000-719 du 1er ao\u00fbt 2000, les coordonn\u00e9es d\u00e9clar\u00e9es par l&rsquo;acheteur pourront \u00eatre communiqu\u00e9es sur r\u00e9quisition des autorit\u00e9s judiciaires.<\/p>\n\n\n\n<h2 class=\"wp-block-heading\">7. Collecte et protection des donn\u00e9es<\/h2>\n\n\n\n<p>Vos donn\u00e9es sont collect\u00e9es par DELONGEVILLE LARA.<br>Une donn\u00e9e \u00e0 caract\u00e8re personnel d\u00e9signe toute information concernant une personne physique identifi\u00e9e ou identifiable (personne concern\u00e9e); est r\u00e9put\u00e9e identifiable une personne qui peut \u00eatre identifi\u00e9e, directement ou indirectement, notamment par r\u00e9f\u00e9rence \u00e0 un nom, un num\u00e9ro d&rsquo;identification ou \u00e0 un ou plusieurs \u00e9l\u00e9ments sp\u00e9cifiques, propres \u00e0 son identit\u00e9 physique, physiologique, g\u00e9n\u00e9tique, psychique, \u00e9conomique, culturelle ou sociale.<br>Les informations personnelles pouvant \u00eatre recueillies sur le site sont principalement utilis\u00e9es par l&rsquo;\u00e9diteur pour la gestion des relations avec vous.<\/p>\n\n\n\n<h4 class=\"wp-block-heading\">A. Les donn\u00e9es personnelles collect\u00e9es dans les formulaires de contact sont les suivantes :<\/h4>\n\n\n\n<ul class=\"wp-block-list\">\n<li>Nom et pr\u00e9nom<\/li>\n\n\n\n<li>Adresse mail<\/li>\n\n\n\n<li>Num\u00e9ro de t\u00e9l\u00e9phone<\/li>\n<\/ul>\n\n\n\n<p>Afin de traiter votre demande, DELONGEVILLE LARA devra effectuer un traitement des donn\u00e9es personnelles vous concernant. Les donn\u00e9es sont conserv\u00e9es pendant deux (2) ans \u00e0 compter de notre dernier contact et sont destin\u00e9es exclusivement \u00e0 DELONGEVILLE LARA, elles ne seront pas transmises \u00e0 des tiers.<\/p>\n\n\n\n<h4 class=\"wp-block-heading\">B. Les donn\u00e9es personnelles collect\u00e9es dans les formulaires d&rsquo;inscription aux newsletters sont les suivantes :<\/h4>\n\n\n\n<ul class=\"wp-block-list\">\n<li>Adresse mail<\/li>\n<\/ul>\n\n\n\n<p>Vous aurez le choix d&rsquo;accepter ou non de recevoir : \u2013 Des newsletters contenant les derni\u00e8res actualit\u00e9s de la soci\u00e9t\u00e9 DELONGEVILLE LARA ; \u2013 Des publicit\u00e9s adress\u00e9es par des partenaires commerciaux.<br>En renseignant votre email, vous affirmez avoir pris connaissance de nos mentions l\u00e9gales. Votre email sera conserv\u00e9 tant que vous ne nous ferez pas la demande de suppression de cette donn\u00e9e.<br>Vous pourrez vous d\u00e9sinscrire \u00e0 tout moment \u00e0 l&rsquo;aide des liens de d\u00e9sinscription pr\u00e9sents sur les communications ou en nous contactant : DELONGEVILLE LARA, 7A rue du polygone, 25000 BESANCON, France<br>0680205518 &#8211; contact@lara-dieteticienne-25.fr<\/p>\n\n\n\n<h2 class=\"wp-block-heading\">8. Propri\u00e9t\u00e9 intellectuelle<\/h2>\n\n\n\n<p>Tout le contenu du pr\u00e9sent site, incluant, de fa\u00e7on non limitative, les graphismes, images, textes, vid\u00e9os, animations, sons, logos, gifs et ic\u00f4nes ainsi que leur mise en forme sont la propri\u00e9t\u00e9 exclusive de la soci\u00e9t\u00e9 DELONGEVILLE LARA \u00e0 l&rsquo;exception des marques, logos ou contenus appartenant \u00e0 d&rsquo;autres soci\u00e9t\u00e9s partenaires ou auteurs (ex: AdobeStock, ShutterStock, FontAwesome, Freepik).<br>Toute reproduction, distribution, modification, adaptation, retransmission ou publication, m\u00eame partielle, de ces diff\u00e9rents \u00e9l\u00e9ments est strictement interdite sans l&rsquo;accord express par \u00e9crit de DELONGEVILLE LARA.<\/p>\n\n\n\n<h2 class=\"wp-block-heading\">9. Gestion des \u00ab cookies \u00bb<\/h2>\n\n\n\n<p>Qu&rsquo;est-ce qu&rsquo;un \u00ab cookie \u00bb ?<br>Un \u00ab cookie \u00bb ou traceur est un fichier \u00e9lectronique d\u00e9pos\u00e9 sur un terminal (ordinateur, tablette, smartphone,&#8230;) et lu par exemple lors de la consultation d&rsquo;un site internet, de la lecture d&rsquo;un courrier \u00e9lectronique, de l&rsquo;installation ou de l&rsquo;utilisation d&rsquo;un logiciel ou d&rsquo;une application mobile et ce quel que soit le type de terminal utilis\u00e9 (source :&nbsp;<a href=\"https:\/\/www.cnil.fr\/fr\/cookies-traceurs-que-dit-la-loi\" target=\"_blank\" rel=\"noreferrer noopener\">https:\/\/www.cnil.fr\/fr\/cookies-traceurs-que-dit-la-loi<\/a>).<br>En naviguant sur ce site, des \u00ab cookies \u00bb \u00e9manant de la soci\u00e9t\u00e9 responsable du site concern\u00e9 et\/ou des soci\u00e9t\u00e9s tiers pourront \u00eatre d\u00e9pos\u00e9s sur votre terminal.<br>Lors de la premi\u00e8re navigation sur ce site, une fen\u00eatre de gestion du consentement des \u00ab cookies \u00bb appara\u00eetra. D\u00e8s lors, pour poursuivre la navigation sur le site web, vous devrez donner au choix soit votre accord ou soit votre d\u00e9saccord. Vous aurez \u00e9galement \u00e0 disposition dans cet outil de consentement, la personnalisation du choix des cat\u00e9gories de \u00ab cookies \u00bb \u00e0 accepter ou non. Le consentement donn\u00e9 sera stock\u00e9 sous forme de \u00ab cookies \u00bb fonctionnel dans votre navigateur, valable pour une p\u00e9riode de trois (3) mois. L&rsquo;utilisateur a la possibilit\u00e9 de modifier son choix \u00e0 tout moment en cliquant ici :&nbsp;<a href=\"javascript:Didomi.preferences.show()\">Modifier vos pr\u00e9f\u00e9rences<\/a>.<br>Les \u00ab cookies \u00bb pr\u00e9sents sur ce site internet se pr\u00e9sentent sous trois (3) cat\u00e9gories :<\/p>\n\n\n\n<h4 class=\"wp-block-heading\">A. Cookies essentiels<\/h4>\n\n\n\n<p>Ce site utilise des cookies n\u00e9cessaires \u00e0 son bon fonctionnement. C&rsquo;est pour cela qu&rsquo;ils doivent rester activ\u00e9s.<\/p>\n\n\n\n<h4 class=\"wp-block-heading\">B. Cookies de performance<\/h4>\n\n\n\n<p>Ces cookies nous aident \u00e0 am\u00e9liorer votre exp\u00e9rience en ligne. Ils ne sont pas essentiels, mais sans eux, certaines fonctionnalit\u00e9s peuvent ne pas fonctionner.<br>Ces cookies nous permettent de d\u00e9terminer le nombre de visites et les sources du trafic, afin de mesurer et d&rsquo;am\u00e9liorer les performances de notre site Web. Ils nous aident \u00e9galement \u00e0 identifier les pages les plus \/ moins visit\u00e9es et d&rsquo;\u00e9valuer comment les visiteurs naviguent sur le site Web. Toutes les informations collect\u00e9es par ces cookies sont agr\u00e9g\u00e9es et donc anonymis\u00e9es.<\/p>\n\n\n\n<h4 class=\"wp-block-heading\">C. Cookies de publicit\u00e9 cibl\u00e9e<\/h4>\n\n\n\n<p>Les cookies marketing sont g\u00e9n\u00e9ralement utilis\u00e9s pour vous montrer des publicit\u00e9s qui correspondent \u00e0 vos int\u00e9r\u00eats. Lorsque vous visitez un autre site Web, le cookie de votre navigateur est reconnu et des publicit\u00e9s s\u00e9lectionn\u00e9es vous sont affich\u00e9es en fonction des informations stock\u00e9es dans ce cookie. Toutes les informations collect\u00e9es par nos \u00ab cookies \u00bb de performance ne seront utilis\u00e9es que pour suivre le volume, le type et la configuration du trafic utilisant ce site, pour en d\u00e9velopper la conception et l&rsquo;agencement et \u00e0 d&rsquo;autres fins administratives et de planification et plus g\u00e9n\u00e9ralement pour am\u00e9liorer le service que nous vous offrons.<br>Pour plus d&rsquo;informations sur l&rsquo;utilisation, la gestion et la suppression des \u00ab cookies \u00bb, pour tout type de navigateur, nous vous invitons \u00e0 consulter le lien suivant :&nbsp;<a href=\"https:\/\/www.cnil.fr\/fr\/cookies-les-outils-pour-les-maitriser\" target=\"_blank\" rel=\"noreferrer noopener\">https:\/\/www.cnil.fr\/fr\/cookies-les-outils-pour-les-maitriser<\/a>.<\/p>\n","protected":false},"excerpt":{"rendered":"<p>L\u00e9gislation &amp; RGPD 1. Informations relatives \u00e0 l&rsquo;h\u00e9bergeur OVHSASAdresse du si\u00e8ge social : 2 rue Kellermann &#8211; 59100 Roubaix &#8211; FranceNum\u00e9ro de t\u00e9l\u00e9phone : 09 72 10 10 07 2. &hellip; <\/p>\n","protected":false},"author":1,"featured_media":0,"parent":0,"menu_order":0,"comment_status":"closed","ping_status":"closed","template":"","meta":{"footnotes":""},"class_list":["post-69","page","type-page","status-publish","hentry"],"_links":{"self":[{"href":"https:\/\/www.lara-dieteticienne-25.fr\/index.php\/wp-json\/wp\/v2\/pages\/69","targetHints":{"allow":["GET"]}}],"collection":[{"href":"https:\/\/www.lara-dieteticienne-25.fr\/index.php\/wp-json\/wp\/v2\/pages"}],"about":[{"href":"https:\/\/www.lara-dieteticienne-25.fr\/index.php\/wp-json\/wp\/v2\/types\/page"}],"author":[{"embeddable":true,"href":"https:\/\/www.lara-dieteticienne-25.fr\/index.php\/wp-json\/wp\/v2\/users\/1"}],"replies":[{"embeddable":true,"href":"https:\/\/www.lara-dieteticienne-25.fr\/index.php\/wp-json\/wp\/v2\/comments?post=69"}],"version-history":[{"count":1,"href":"https:\/\/www.lara-dieteticienne-25.fr\/index.php\/wp-json\/wp\/v2\/pages\/69\/revisions"}],"predecessor-version":[{"id":70,"href":"https:\/\/www.lara-dieteticienne-25.fr\/index.php\/wp-json\/wp\/v2\/pages\/69\/revisions\/70"}],"wp:attachment":[{"href":"https:\/\/www.lara-dieteticienne-25.fr\/index.php\/wp-json\/wp\/v2\/media?parent=69"}],"curies":[{"name":"wp","href":"https:\/\/api.w.org\/{rel}","templated":true}]}}